9. Give g(-196).
23
Let i(m) = 41*m**2 - 240*m - 16. Determine i(5).
-191
Let t(m) = -15*m + 103. Determine t(-2).
133
Let z(k) = 47*k - 862. Give z(19).
31
Let i(x) = x**3 - 262*x**2 - 1608*x + 7. Give i(268).
7
Let o(a) = -724*a - 3573. Determine o(-5).
47
Let r(q) = 80*q - 514. Determine r(10).
286
Let s(t) = -7*t**2 + 180*t + 59. Determine s(26).
7
Let o(w) = 24*w - 765. Calculate o(27).
-117
Let x(d) = 56*d + 408. Calculate x(-4).
184
Let s(c) = -c**2 + 38*c - 72. Determine s(39).
-111
Let k(r) = 3*r**2 + 24*r + 159. Calculate k(-7).
138
Let c(g) = g**3 - 102*g**2 + 22*g - 2202. What is c(102)?
42
Let q(k) = -7*k + 26. Give q(12).
-58
Let w(l) = 4*l**2 + 11*l - 106. Calculate w(-5).
-61
Let r(u) = 2*u**2 + 28*u + 160. Determine r(-12).
112
Let u(p) = -2*p**3 - 223*p**2 + 121*p + 1053. Calculate u(-112).
45
Let v(o) = 2*o**2 + 313*o + 2651. What is v(-9)?
-4
Let d(i) = 8*i + 219. What is d(4)?
251
Let w(d) = d**3 - 35*d**2 + 254*d - 7480. Determine w(34).
0
Let a(b) = 24*b**2 + 3*b + 33. Give a(-4).
405
Let x(a) = a**3 + 30*a**2 + 61*a + 125. Calculate x(-28).
-15
Let v(x) = 54*x - 4885. Calculate v(90).
-25
Let a(k) = -412*k + 5770. What is a(14)?
2
Let b(a) = a**2 - 11*a - 6453. What is b(-75)?
-3
Let f(i) = -i**2 + 72*i + 116. Determine f(74).
-32
Let a(s) = -2258*s - 54182. Determine a(-24).
10
Let n(s) = -17*s - 130. Calculate n(0).
-130
Let o(y) = -2*y**3 + 10*y**2 - 15*y - 2. What is o(-7)?
1279
Let t(s) = -3*s**3 - 5*s**2 + 19*s + 38. What is t(-2)?
4
Let i(x) = -42*x**2 + x + 4. What is i(3)?
-371
Let p(g) = 3*g**2 + 175*g - 104. What is p(-59)?
14
Let l(w) = -16*w + 355. Calculate l(10).
195
Let v(r) = r**2 - 19*r - 4. Determine v(4).
-64
Let v(l) = -l**2 + 60*l - 694. Determine v(14).
-50
Let f(q) = q**3 + 109*q**2 + 311*q - 676. What is f(-106)?
66
Let b(j) = -97*j - 100. Determine b(2).
-294
Let i(m) = 18*m + 1366. Give i(-76).
-2
Let s(r) = -r**3 - 5*r**2 + 30*r + 108. Determine s(-3).
0
Let t(h) = -159*h + 7316. Determine t(46).
2
Let u(a) = 2*a**3 - 10*a**2 - 2*a - 5. Calculate u(6).
55
Let c(x) = -13*x + 179. Determine c(0).
179
Let c(b) = -2*b**3 + 12*b**2 - 8*b + 15. Give c(7).
-139
Let u(n) = -n**2 - 37*n - 402. What is u(-16)?
-66
Let i(x) = 4*x**2 - 38*x - 34. Calculate i(-1).
8
Let c(s) = -s**2 + 320*s + 1967. Give c(-6).
11
Let j(w) = -116*w**2 - 2*w + 2. Give j(-2).
-458
Let o(d) = 7*d - 290. Determine o(12).
-206
Let h(k) = k**2 - 286*k - 2614. Determine h(-9).
41
Let m(t) = 3*t**3 + 54*t**2 - 351*t + 8. Determine m(5).
-22
Let a(n) = -n**3 + 89*n**2 + 100*n + 27. What is a(90)?
927
Let h(b) = -b**3 + 51*b**2 - 94*b + 2231. What is h(50)?
31
Let p(u) = u**3 - 5*u**2 + 4*u + 10. Calculate p(3).
4
Let h(s) = s**3 - 36*s**2 - 104*s + 2518. Calculate h(37).
39
Let m(x) = -401*x + 1474. Determine m(4).
-130
Let i(u) = -88*u + 178. Give i(2).
2
Let n(s) = s**3 + 10*s**2 - 7*s - 43. Calculate n(-11).
-87
Let d(v) = v**3 + 45*v**2 - 44*v + 123. Give d(-46).
31
Let g(u) = -80*u - 713. Give g(-8).
-73
Let l(w) = 7*w**3 - 2*w**2 - w + 3. Calculate l(-3).
-201
Let k(v) = v**2 - 72*v - 137. Determine k(75).
88
Let t(q) = -1910*q + 61113. Determine t(32).
-7
Let m(h) = 2*h**3 + 12*h**2 + 11*h + 16. Give m(-5).
11
Let s(z) = -21*z + 170. Calculate s(19).
-229
Let u(k) = -2*k**3 + 59*k**2 + 157*k + 89. What is u(32)?
-7
Let t(z) = -78*z + 7. Give t(4).
-305
Let z(l) = -64*l**2 - 772*l - 37. What is z(-12)?
11
Let f(b) = 3195*b - 44728. Determine f(14).
2
Let i(a) = 48071*a - 96135. Give i(2).
7
Let h(n) = 9*n + 319. What is h(-31)?
40
Let d(z) = z**3 - 38*z**2 + 1246. Calculate d(37).
-123
Let m(o) = 36*o + 34. What is m(-4)?
-110
Let k(c) = 4*c**2 - 22*c + 180. Calculate k(12).
492
Let k(o) = 26*o - 1808. Calculate k(70).
12
Let z(w) = -130*w**2 - 28*w - 30. Calculate z(-1).
-132
Let h(c) = -453*c + 8143. Give h(18).
-11
Let f(z) = 91*z - 325. Give f(9).
494
Let q(u) = u**2 + 158*u + 2383. Give q(-18).
-137
Let f(i) = 1046*i - 37700. Determine f(36).
-44
Let j(a) = -9*a**3 - 4*a**2 + 3*a + 13. What is j(-3)?
211
Let o(t) = 4*t**2 - 779*t - 4142. Determine o(200).
58
Let j(o) = -o**2 + 18*o - 59. What is j(6)?
13
Let i(f) = 16707*f - 8. Calculate i(0).
-8
Let k(v) = 129*v + 3478. What is k(-27)?
-5
Let a(k) = -k**3 + 9*k**2 + 20*k - 56. What is a(10)?
44
Let t(p) = 90*p + 4294. Give t(-49).
-116
Let k(x) = 1410*x + 2824. Determine k(-2).
4
Let n(y) = -5*y**2 + 5*y - 7. Calculate n(4).
-67
Let m(k) = 24*k + 133. Determine m(-7).
-35
Let c(i) = -i**2 - 3*i + 92. Determine c(-11).
4
Let b(q) = -23*q - 472. Determine b(0).
-472
Let v(t) = 282*t + 31. Determine v(-1).
-251
Let d(s) = 7*s**3 + 15*s**2 - 8*s + 4. What is d(0)?
4
Let i(r) = -2*r**2 + 626*r + 2530. Give i(-4).
-6
Let r(n) = -n**3 - 36*n**2 + 41*n - 23. Determine r(-37).
-171
Let i(w) = -65*w**3 - 2*w**2 + 4*w + 17. Calculate i(-2).
521
Let j(p) = -79*p**2 + 1927*p + 1191. Determine j(25).
-9
Let f(c) = c**2 - 148*c + 3712. Calculate f(32).
0
Let m(o) = 54*o - 6783. Calculate m(128).
129
Let o(t) = t**3 + 76*t**2 - 765*t + 181. Give o(-85).
181
Let g(w) = -232*w + 32241. Determine g(139).
-7
Let x(z) = -12*z - 717. Give x(-60).
3
Let r(v) = 8*v**2 + 260*v + 7. Calculate r(-31).
-365
Let q(p) = p**3 - 384*p**2 + 1146*p + 1. Calculate q(3).
10
Let q(u) = -2*u**2 + 2*u + 54. What is q(-5)?
-6
Let x(m) = -m**3 - 10*m**2 - 3*m + 16. What is x(-4)?
-68
Let q(u) = 52*u**3 - 3*u**2 + 2*u + 4. What is q(-1)?
-53
Let z(m) = -m**3 + 9*m**2 - 8*m - 4. Calculate z(4).
44
Let d(m) = 2*m**2 - 58*m - 21. What is d(30)?
39
Let z(f) = -f**3 - 76*f**2 - 1188*f + 4. Determine z(-22).
4
Let i(d) = 4*d**2 - 668*d - 4145. What is i(-6)?
7
Let g(y) = -y**3 - 57*y**2 - 2*y + 216. What is g(-57)?
330
Let s(x) = x**2 - 24. Determine s(5).
1
Let m(y) = 4*y**2 - 56*y + 21. Give m(13).
-31
Let f(g) = -3*g**3 - 16*g**2 - 62*g - 3. Calculate f(-4).
181
Let v(u) = 214*u**3 - 5*u**2 + 6. What is v(-1)?
-213
Let n(u) = u**3 + 13*u**2 - 15*u - 46. Calculate n(-8).
394
Let j(m) = 546*m - 3820. Give j(7).
2
Let d(u) = 613*u - 6654. Calculate d(11).
89
Let o(w) = -2*w**3 + 96*w**2 - 2*w - 12. Calculate o(0).
-12
Let y(q) = -551*q - 6055. Calculate y(-11).
6
Let h(p) = 414*p + 1054. Calculate h(-2).
226
Let z(m) = -89*m + 4. Give z(0).
4
Let h(i) = i**3 + 75*i**2 + 144*i - 124. Give h(-73).
22
Let b(z) = 11*z + 135. What is b(-18)?
-63
Let y(r) = -r**2 - 588*r - 5801. Calculate y(-10).
-21
Let n(u) = -4*u**2 + 47*u - 88. What is n(10)?
-18
Let c(a) = -a**3 - 9*a**2 - 10*a - 33. What is c(-8)?
-17
Let q(c) = -74*c - 4954. What is q(-67)?
4
Let n(o) = 343*o + 12687. Calculate n(-37).
-4
Let t(l) = -l**3 - 11*l**2 + 25. Give t(-11).
25
Let u(c) = -2*c**3 - 3*c**2 + 8*c + 7. Give u(-5).
142
Let x(o) = -2296*o + 128585. Determine x(56).
9
Let i(k) = 14*k + 36. Calculate i(9).
162
Let l(g) = 17*g**2 + 886*g + 127. Give l(-52).
23
Let r(t) = t**3 + 5*t**2 + 3*t + 71. Calculate r(-7).
-48
Let f(s) = s**3 - 4*s**2 - 93*s - 22. Calculate f(12).
14
Let d(p) = 26*p - 158. Give d(6).
-2
Let o(q) = -9*q**2 - 297*q + 42. What is o(-33)?
42
Let z(y) = 34*y - 435. What is z(12)?
-27
Let o(q) = -9*q**2 + 166*q + 94. Give o(19).
-1
Let s(f) = 38*f + 598. Calculate s(-16).
-10
Let i(n) = -2*n**3 + 202*n**2 - 174*n - 2637. What is i(100)?
-37
Let l(m) = -m**3 + 13*m**2 + 18*m - 43. Determine l(15).
-223
Let z(c) = -106*c + 1083. Determine z(10).
23
Let k(y) = 312*y + 314. Give k(-1).
2
Let i(n) = 2*n**3 - 39*n**2 + 61*n - 142. Calculate i(18).
-16
Let b(k) = -3*k**2 + 68*k - 214. Determine b(19).
-5
Let j(v) = 5*v**3 - 63*v**2 - 33*v + 38. What is j(13)?
-53
Let c(i) = 171*i + 5. Determine c(1).
176
Let s(f) = -46*f - 316. Give s(-7).
6
Let t(a) = -10*a**2 + 121*a + 115. Give t(13).
-2
Let o(p) = p**2 + 22*p - 94. Give o(-19).
-151
Let i(g) = 154*g + 2973. Calculate i(-20).
-107
Let c(t) = -t**2 - 85*t - 442. Determine c(-6).
32
Let y(k) = 9*k - 22. What is y(6)?
32
Let b(f) = -380*f**3 + 3*f**2 + 6*f. Determine b(-1).
377
Let o(u) = -u**2 - 86*u + 318. Give o(4).
-42
Let z(v) = -v**3 + 7*v**2 + 17*v - 133. Give z(5).
2
Let n(q) = 2*q**3 - 14*q**2 + 50*q - 331. Calculate n(7).
19
Let r(g) = 213*g + 1671. What is r(-8)?
-33
Let x(o) = 83*o + 467. Give x(-6).
-31
Let u(n) = -14*n + 192. Determine u(20).
-88
Let f(n) = -12*n**3 + 